False
Is 658393522 a multiple of 151?
True
Does 37 divide 1946190033?
False
Is 76 a factor of 5730689?
False
Does 667 divide 57001153?
True
Does 87 divide 9541505?
False
Does 7830 divide 217775678?
False
Is 10 a factor of 6823820?
True
Is 122 a factor of 138020308?
True
Does 36 divide 573675552?
True
Does 315 divide 26571510?
True
Is 939039008 a multiple of 32?
True
Is 66 a factor of 587405940?
True
Does 19 divide 5170700?
False
Is 4111005912 a multiple of 12?
True
Does 11 divide 6122171?
True
Is 644 a factor of 418278644?
True
Is 15818530 a multiple of 91?
True
Does 869 divide 299928398?
True
Is 693 a factor of 138859903?
False
Is 1237707108 a multiple of 66?
True
Does 36 divide 8698644?
True
Is 330 a factor of 3218283420?
True
Is 1691785500 a multiple of 150?
True
Is 225049312 a multiple of 2333?
False
Is 325979948 a multiple of 196?
True
Does 10 divide 4996840350?
True
Is 9295209 a multiple of 263?
True
Does 1989 divide 27557595?
True
Is 2591926 a multiple of 6?
False
Is 59936436 a multiple of 2268?
True
Does 369 divide 3826530?
True
Is 856493873 a multiple of 9858?
False
Is 40 a factor of 2535181600?
True
Is 501 a factor of 87094605?
False
Is 132 a factor of 1366695681?
False
Is 13602310 a multiple of 370?
True
Is 4 a factor of 124907356?
True
Is 30833782 a multiple of 259?
False
Does 411 divide 790713447?
True
Is 1863744221 a multiple of 211?
True
Does 8 divide 187367023?
False
Is 8 a factor of 20117632?
True
Does 2 divide 9671773?
False
Is 40 a factor of 83654877?
False
Does 1145 divide 24118280?
True
Is 8 a factor of 12631744?
True
Does 865 divide 82858958?
False
Does 20 divide 402572145?
False
Does 8496 divide 708458624?
False
Does 2453 divide 2807813652?
False
Is 131 a factor of 1362595221?
False
Is 12296865 a multiple of 581?
True
Is 301910726 a multiple of 102?
False
Does 161 divide 48202030?
False
Does 7 divide 1426905090?
False
Does 6582 divide 3027720?
True
Does 66 divide 704281?
False
Does 104 divide 3918720?
True
Is 362418175 a multiple of 1175?
True
Does 37 divide 1538726545?
False
Is 679 a factor of 4043392717?
True
Is 598562115 even?
False
Is 4241364794 a multiple of 26?
False
Is 154996908 a multiple of 19?
True
Is 3352272 a multiple of 28?
True
Is 4208658 a multiple of 65?
False
Does 791 divide 15191946?
True
Does 1076 divide 2645968156?
False
Does 84 divide 3198840624?
True
Is 344106750 a multiple of 75?
True
Is 110509323 a multiple of 396?
False
Is 4 a factor of 226922592?
True
Is 404 a factor of 274491740?
True
Does 213 divide 28075956?
True
Is 2576 a factor of 54438608?
True
Is 1697 a factor of 76753613?
True
Does 10 divide 46342?
False
Is 9 a factor of 55014975?
True
Is 15324141 a multiple of 21?
True
Is 751 a factor of 52152050?
False
Is 2281911 a multiple of 26?
False
Is 6 a factor of 3161775?
False
Is 332368868 a multiple of 3497?
True
Does 13 divide 165515586?
False
Does 50 divide 43263425?
False
Does 9682 divide 427034292?
True
Is 42572728 a multiple of 11?
True
Does 276 divide 22747368?
True
Is 645521385 a multiple of 15?
True
Is 48 a factor of 82423589?
False
Does 216 divide 1995222?
False
Is 46942140 a multiple of 140?
True
Is 569506371 a multiple of 21?
True
Is 2483 a factor of 553709?
True
Does 3896 divide 181857840?
False
Is 748516548 a multiple of 7483?
False
Is 59 a factor of 42388330?
False
Is 984052056 a multiple of 3588?
True
Is 229859932 a multiple of 20?
False
Is 11642915 even?
False
Is 53219812 a multiple of 14?
False
Is 620025865 a multiple of 73?
True
Is 2186 a factor of 27341758?
False
Is 432 a factor of 621089426?
False
Is 593 a factor of 7065298?
False
Is 66258348 a multiple of 156?
True
Is 4 a factor of 505265093?
False
Is 1026079448 a multiple of 1346?
False
Does 8 divide 11910000?
True
Does 206 divide 55196464?
True
Does 20 divide 218509441?
False
Is 33935488 a multiple of 4?
True
Is 34061323 a multiple of 40?
False
Is 8 a factor of 18390312?
True
Is 19 a factor of 95868053?
True
Is 32957781 a multiple of 1173?
True
Is 128720557 a multiple of 1604?
False
Does 28 divide 1006556908?
True
Is 313648895 a multiple of 17?
True
Is 1014605852 a multiple of 38?
True
Is 154 a factor of 39870446?
True
Does 1527 divide 233844074?
False
Does 231 divide 173249755?
False
Is 4359 a factor of 316368261?
False
Is 136738667 a multiple of 559?
True
Is 1265 a factor of 248838873?
False
Is 16 a factor of 212321258?
False
Is 3 a factor of 791638?
False
Does 4 divide 554676?
True
Is 694 a factor of 10534006?
False
Does 90 divide 105501896?
False
Is 1692843364 a multiple of 86?
False
Does 277 divide 2079993?
True
Is 73 a factor of 54816649?
True
Does 117 divide 4550332994?
False
Is 1971 a factor of 963777609?
True
Is 235221101 a multiple of 14?
False
Is 19243133 even?
False
Is 27 a factor of 270444177?
True
Does 139 divide 462355352?
False
Is 12 a factor of 15957171?
False
Is 12 a factor of 547002384?
True
Is 27434898 a multiple of 57?
True
Is 5 a factor of 12400715?
True
Is 38455454 a multiple of 16?
False
Does 15 divide 173165550?
True
Is 14 a factor of 318018386?
True
Is 322815228 a multiple of 698?
True
Is 319223910 a multiple of 734?
False
Is 2189875 a multiple of 396?
False
Is 328 a factor of 9455107?
False
Does 36 divide 27420048?
True
Is 31 a factor of 48562061?
False
Is 62 a factor of 3824718?
True
Is 7319041 a multiple of 125?
False
Does 74 divide 22087475?
False
Is 438 a factor of 597336078?
True
Is 42 a factor of 264114380?
False
Does 460 divide 126535880?
True
Is 484 a factor of 28616827?
False
Does 135 divide 63707445?
True
Is 5968396 a multiple of 28?
True
Is 505 a factor of 448882380?
True
Does 4 divide 2070336?
True
Is 428 a factor of 306960522?
False
Is 137 a factor of 5979596?
False
Does 43 divide 372748915?
False
Does 4967 divide 126258641?
False
Does 47 divide 158969604?
True
Is 3428191 a multiple of 57?
False
Does 3242 divide 59455038?
True
Is 1108410492 a multiple of 23?
False
Is 53594427 a multiple of 23?
False
Is 21 a factor of 854701995?
True
Does 89 divide 1767712482?
True
Is 8898174 a multiple of 162?
True
Is 3649481258 a multiple of 3362?
True
Is 610155480 a multiple of 110?
True
Does 5440 divide 1684920320?
True
Is 33 a factor of 59164043?
False
Does 165 divide 95678550?
True
Is 121 a factor of 4174957985?
True
Is 1936 a factor of 54892275?
False
Is 539 a factor of 134198808?
False
Is 187297 a multiple of 102?
False
Is 331 a factor of 34467692?
True
Is 278237177 a multiple of 41?
False
Does 20 divide 57636668?
False
Is 489217626 a multiple of 666?
True
Does 587 divide 11815958?
False
Is 52 a factor of 11209484?
True
Does 51 divide 98577853?
False
Does 121 divide 18898219?
False
Is 901 a factor of 114442317?
True
Is 266 a factor of 96433512?
True
Is 59399652 a multiple of 12?
True
Is 97935768 a multiple of 43?
True
Is 12 a factor of 11059188?
True
Does 5 divide 495530640?
True
Is 10088331 a multiple of 18?
False
Is 28 a factor of 26440176?
True
Does 14 divide 1660606892?
True
Is 317 a factor of 2653924?
True
Is 460291230 a multiple of 2311?
False
Is 2533 a factor of 4407420?
True
Is 636040856 a multiple of 8?
True
Is 6 a factor of 201048?
True
Does 12 divide 7647285?
False
Is 1893 a factor of 22512636?
False
Is 6 a factor of 437852694?
True
Is 240736184 a multiple of 136?
True
Is 2573901618 a multiple of 2118?
True
Is 277130333 a multiple of 703?
True
Is 173 a factor of 36587293?
False
Does 1352 divide 2111820581?
False
Is 368142732 a multiple of 29?
False
Is 3139080903 a multiple of 191?
False
Does 265 divide 17161027?
False
Is 202171788 a multiple of 189?
True
Is 809367758 a multiple of 5554?
True
Is 48972880 a multiple of 1616?
True
Does 563 divide 162263992?
False
Is 280 a factor of 1785548520?
True
Is 86 a factor of 77509564?
True
Is 37899426 a multiple of 6?
True
Does 4794 divide 194818128?
False
Is 5454185869 a multiple of 955?
False
Is 97 a factor of 3829497338?
True
Does 657 divide 568969884?
True
Is 189387 a multiple of 4?
False
Is 73 a factor of 4114791?
True
Is 47245526 a multiple of 145?
False
Is 20 a factor of 1742870280?
True
Is 2164 a factor of 1094268253?
False
Is 457326700 a multiple of 414?
False
Does 8 divide 23543331?
False
Is 69721920 a multiple of 1376?
True
Is 136 a factor of 2921416?
True
Does 11 divide 49649941?
True
Is 21 a factor of 1626707525?
False
Is 49